).
20
Let h(o) = o**3 - 6*o**2 - 4*o - 3. What is h(6)?
-27
Let w(u) = -6*u + 26. Determine w(8).
-22
Let v(i) = -i**2 - 13*i + 424. Calculate v(15).
4
Let b(f) = -f**3 + 9*f**2 - 4*f + 45. Give b(9).
9
Let d(m) = 3*m**2 + 3*m - 11. Determine d(-5).
49
Let l(n) = n**2 - 54*n + 90. Determine l(52).
-14
Let l(o) = o**2 + o - 2. Determine l(4).
18
Let p(r) = -3*r**2 - 3*r - 5. Give p(-3).
-23
Let v(c) = 2*c**2 - 6*c - 4. Give v(4).
4
Let l(x) = -8*x - 73. Give l(-13).
31
Let u(h) = -7*h - 4. Give u(-2).
10
Let o(m) = -3*m**2 + m. Determine o(-1).
-4
Let k(d) = -6*d**2 - 20*d + 19. Calculate k(1).
-7
Let f(p) = -2*p - 7. Give f(0).
-7
Let g(q) = q**3 + 8*q**2 + 2*q + 11. What is g(-8)?
-5
Let p(c) = -c**2 + 21*c - 92. What is p(21)?
-92
Let j(t) = -t**2 - 10*t + 83. Give j(6).
-13
Let m(s) = -22*s + 170. What is m(8)?
-6
Let i(x) = -6*x + 40. What is i(27)?
-122
Let d(o) = o**3 - 43*o**2 + 83*o - 48. Give d(41).
-7
Let b(n) = -n**3 + 6*n**2 + 10*n + 4. Determine b(8).
-44
Let p(g) = -2*g**2 + 22*g + 33. Calculate p(12).
9
Let u(y) = y**2 - 22*y - 23. Give u(23).
0
Let r(y) = -5*y - 1. What is r(9)?
-46
Let d(b) = 3*b**2 + 23*b + 6. Give d(-7).
-8
Let z(o) = -o**2 - o - 1. Determine z(-6).
-31
Let j(x) = 43*x**2 + x. Calculate j(-1).
42
Let j(s) = -s**2 - 12*s + 11. Give j(-12).
11
Let v(x) = 30*x - 385. Determine v(13).
5
Let t(b) = -b + 1. Calculate t(-3).
4
Let r(z) = 3*z + 26. Calculate r(-13).
-13
Let c(r) = r**2 - 17*r - 72. Determine c(-3).
-12
Let k(f) = -f**3 + 5*f**2 - f - 5. Give k(5).
-10
Let s(l) = -l**2 + 51*l - 395. What is s(42)?
-17
Let g(q) = q**2 - 10*q - 32. Determine g(0).
-32
Let d(c) = c - 20. What is d(39)?
19
Let a(v) = -17*v**2 - 17*v - 15. Give a(-1).
-15
Let o(u) = -8*u**3 + u**2 - 2*u + 2. Calculate o(1).
-7
Let x(a) = -9*a - 468. Give x(-52).
0
Let q(m) = -2*m**2 + 8*m - 16. Determine q(4).
-16
Let p(s) = -s - 18. What is p(-15)?
-3
Let r(n) = n**3 - 5*n**2 - n - 5. Give r(5).
-10
Let f(i) = i**2 + 22*i - 234. What is f(-30)?
6
Let v(n) = -n**2 - 28*n + 384. Give v(-38).
4
Let r(z) = -2*z + 143. Determine r(74).
-5
Let v(f) = 2*f**2 + 13*f + 10. Determine v(-5).
-5
Let o(g) = 3*g**3 - 11*g**2 - 9*g + 22. What is o(5)?
77
Let t(g) = g**3 + 4*g**2 - 25*g + 4. Determine t(3).
-8
Let f(t) = -74*t**2 - 3*t + 1. Calculate f(1).
-76
Let c(j) = -j**3 + 7*j**2 + 11*j - 3. Calculate c(9).
-66
Let w(d) = 3*d**3 + 2*d**2 + 5*d + 2. What is w(-2)?
-24
Let h(w) = 18*w - 5. Determine h(-2).
-41
Let i(v) = -2*v**2 + 4*v + 1. Give i(5).
-29
Let u(v) = -8*v + 31. What is u(12)?
-65
Let c(t) = 7*t + 9. Determine c(-6).
-33
Let y(g) = g**3 - 7*g**2 - 6*g + 5. What is y(6)?
-67
Let w(b) = b**3 + 12*b**2 + 10*b - 36. What is w(-11)?
-25
Let u(c) = c**3 - 8*c**2 - 8*c + 3. Calculate u(9).
12
Let y(t) = 28*t + 2. Give y(3).
86
Let k(n) = -n**2 - 9*n - 8. Calculate k(-9).
-8
Let h(s) = -s**2 - 6*s + 19. Determine h(5).
-36
Let a(s) = -6*s - 3. Determine a(-1).
3
Let q(n) = -4*n - 43. Determine q(-9).
-7
Let z(t) = -2*t**3 - 24*t**2 - 6*t - 76. Determine z(-12).
-4
Let a(y) = 5*y. Calculate a(-4).
-20
Let r(j) = -j**2 + 6*j + 19. Give r(8).
3
Let c(f) = 2*f**2 - 12*f - 1. Give c(6).
-1
Let a(j) = -13*j**2 + 155*j + 3. What is a(12)?
-9
Let b(z) = z**2 - 5*z + 5. Give b(8).
29
Let v(l) = -l**2 - l + 5. What is v(-3)?
-1
Let j(s) = 3*s**3 + 19*s**2 - 17*s - 16. Give j(-7).
5
Let m(w) = -28*w + 2. Calculate m(-1).
30
Let v(o) = 2*o**3 + 14*o**2 + 5*o + 26. What is v(-7)?
-9
Let l(u) = 3*u + 10. Give l(2).
16
Let v(q) = -q + 5. Calculate v(0).
5
Let s(c) = -4*c**3 + 3*c**2 + 4*c - 4. What is s(3)?
-73
Let q(v) = -35*v**2 + 1. Determine q(-1).
-34
Let g(a) = -a**3 + 7*a**2 - 2*a - 2. What is g(3)?
28
Let k(q) = -q**2 - 17*q - 21. What is k(-16)?
-5
Let x(a) = -42*a**3 + 2*a + 2. Calculate x(-1).
42
Let f(k) = -7*k + 19. Give f(-5).
54
Let v(u) = -u**3 - u**2 - 2*u + 2. What is v(2)?
-14
Let q(r) = -2*r**3 + 27*r**2 - 10*r + 19. Calculate q(13).
58
Let k(f) = -9*f - 41. Give k(-4).
-5
Let j(n) = -2*n**3 - 5*n**2 - 5*n - 6. What is j(-3)?
18
Let c(w) = 2*w**2 - 16*w - 96. Calculate c(12).
0
Let d(j) = j**2 + 11*j + 17. Determine d(-10).
7
Let q(p) = p**2 - 13*p + 10. What is q(12)?
-2
Let p(u) = u**3 + 2*u**2 - 2*u - 12. Calculate p(0).
-12
Let c(t) = 7*t. Determine c(-4).
-28
Let m(j) = -2*j**2 - 26*j + 31. Give m(-14).
3
Let a(v) = -13*v**2 - 2*v + 2. Calculate a(-2).
-46
Let v(z) = z**3 + 8*z**2 + 15*z + 12. Give v(-6).
-6
Let o(v) = -18*v - 24. Calculate o(-1).
-6
Let m(t) = 2*t**2 - 21*t + 8. Determine m(9).
-19
Let m(o) = -o**3 + 9*o**2 + o - 3. Determine m(9).
6
Let h(a) = a**3 - 12*a**2 + 10*a + 20. Calculate h(11).
9
Let a(m) = -17*m + 139. What is a(8)?
3
Let z(o) = -o**3 + 12*o**2 + 3*o + 15. Determine z(12).
51
Let w(d) = -d**3 - d**2 - 2*d + 3. Determine w(2).
-13
Let j(c) = c + 19. Give j(-8).
11
Let a(o) = o - 7. Determine a(-6).
-13
Let i(q) = q**3 - 3*q**2 - 11*q + 15. Give i(5).
10
Let a(h) = h**2 - 17*h + 15. Calculate a(8).
-57
Let t(q) = -q**3 - q**2 - q + 14. What is t(0)?
14
Let h(b) = -b**2 + 60*b + 777. What is h(71)?
-4
Let b(l) = -l**3 - 8*l**2 + 2*l + 18. What is b(-8)?
2
Let w(k) = k**2 + 10*k - 15. Determine w(-11).
-4
Let v(r) = -r**2 + 26*r - 151. Calculate v(18).
-7
Let j(q) = -5*q**3 + q**2 - 2. Calculate j(1).
-6
Let g(r) = r**3 - 14*r**2 - 32*r + 6. Calculate g(16).
6
Let z(p) = -9*p - 85. Give z(-10).
5
Let d(r) = -4*r**2 + 27*r - 7. Calculate d(5).
28
Let y(h) = -3*h**3 - 12*h**2 + 5*h - 2. Calculate y(-5).
48
Let x(b) = 3*b**3 + 4*b**2 + 4*b + 1. Give x(-1).
-2
Let x(n) = -4*n**3 + n**2 + n. What is x(2)?
-26
Let t(s) = s**3 - 22*s**2 + 23*s - 42. Determine t(21).
0
Let c(f) = -31*f + 2. What is c(1)?
-29
Let d(q) = q**2 - 8*q + 2. Determine d(7).
-5
Let q(a) = -a - 1. Give q(0).
-1
Let s(x) = x**2 - 18*x + 55. Determine s(5).
-10
Let f(l) = -6*l**2 - 1. Determine f(5).
-151
Let a(o) = -o**3 + 27*o**2 - 48*o - 60. Determine a(25).
-10
Let c(y) = -y**2 + 12*y - 53. Determine c(4).
-21
Let m(w) = w**2 + 14*w + 12. Give m(-13).
-1
Let t(g) = -g**3 - 9*g**2 - 3*g - 6. What is t(-8)?
-46
Let m(a) = 9*a**2 - 4*a. Calculate m(1).
5
Let d(p) = -4*p. Calculate d(6).
-24
Let c(a) = a**3 - 28*a - 6. Calculate c(0).
-6
Let r(y) = 21*y - 5. Determine r(1).
16
Let h(p) = -4*p + 21. Calculate h(15).
-39
Let j(i) = 15*i + 76. Calculate j(-7).
-29
Let n(y) = -22*y + 2. Give n(2).
-42
Let u(s) = s - 14. Determine u(4).
-10
Let h(i) = -5*i - 14. What is h(4)?
-34
Let k(t) = -t**3 - 18*t**2 + 34*t - 125. Determine k(-20).
-5
Let n(b) = -b**3 + 7*b**2 - 7*b. Give n(5).
15
Let f(d) = -5*d**2 + 36*d + 6. What is f(7)?
13
Let g(z) = -z**2 - 18*z - 33. What is g(-12)?
39
Let v(r) = -r - 1. What is v(-6)?
5
Let z(a) = -11*a - 18. Calculate z(-1).
-7
Let t(u) = -u**3 + 11*u**2 + 4*u - 2. Give t(11).
42
Let x(o) = -o**2 + 2*o + 7. What is x(-3)?
-8
Let m(u) = u**3 - 14*u**2 - 35*u + 47. Determine m(16).
-1
Let h(p) = -3*p - 4. Give h(-12).
32
Let h(d) = -d**2 + 11*d + 7. What is h(10)?
17
Let f(p) = -p**3 + 19*p**2 - 20*p + 32. Determine f(18).
-4
Let t(d) = -d**3 + 9*d**2 - 17*d + 1. Give t(7).
-20
Let h(y) = 2*y**2 + 15*y - 15. Calculate h(-11).
62
Let i(s) = -15*s + 45. Give i(3).
0
Let s(g) = g**3 - 2*g**2 - 3*g - 5. Give s(4).
15
Let g(s) = s**3 + 26*s**2 + 47*s - 18. Give g(-24).
6
Let y(n) = -2*n**2 - 15*n - 33. Calculate y(-4).
-5
Let y(z) = -z**3 - 7*z**2 - 15*z - 13. Calculate y(-3).
-4
Let g(j) = -j**2 - 13*j - 5. What is g(-10)?
25
Let r(a) = -a**3 + 15*a**2 - a - 18. What is r(15)?
-33
Let g(k) = -2*k**2 - 9*k + 16. What is g(-6)?
-2
Let l(k) = -6*k. Give l(6).
-36
Let o(d) = -2*d - 12. Give o(-6).
0
Let h(o) = -4*o - 41. Calculate h(-13).
11
Let f(j) = -22*j**2 - 2*j + 6. What is f(1)?
-18
Let w(o) = -3*o + 9. What is w(0)?
9
Let z(t) = t + 14. Calculate z(-12).
2
Let q(r) = 20*r. What is q(1)?
20
Let m(d) = d**3 + 18*d**2 - 17*d - 3. Calculate m(-19).
-41
Let z(k) = -3*k + 7. Give z(3).
-2
Let a(y) = -y**3 - 14*y**2 - 16*y - 29. Calculate a(-13).
10
Let j(p) = 6*p**2 + 6*p - 2. What is j(-4)?
70
Let o(d) = d**2 + 3*d + 25. Give o(-10).
95
Let w(i) = 8*i - 213. Calculate w(27).
3
Let u(k) = 2*k + 16. Calculate u(-7).
2
Let q(p) = p**2 + 11*p + 16. Calculate q(-8).
-8
Let i(f) = -f**3 + 36*f**2 + 2*f - 84. Determine i(36).